{"id":2453,"date":"2019-09-24T15:10:50","date_gmt":"2019-09-24T14:10:50","guid":{"rendered":"http:\/\/www.beaufort-athletisme.fr\/?page_id=2453"},"modified":"2025-05-30T08:03:14","modified_gmt":"2025-05-30T07:03:14","slug":"boutique","status":"publish","type":"page","link":"http:\/\/www.beaufort-athletisme.fr\/?page_id=2453","title":{"rendered":"Boutique"},"content":{"rendered":"\n<h2 class=\"wp-block-heading\">Le surv\u00eatement :<\/h2>\n\n\n\n<div class=\"wp-block-pdfp-pdf-poster  alignnone\" id=\"block-1\" data-attributes=\"{&quot;file&quot;:&quot;http:\\\/\\\/www.beaufort-athletisme.fr\\\/wp-content\\\/uploads\\\/2024\\\/05\\\/BEAUFORT-ATHLE-2023-2024.pdf&quot;,&quot;btnStyles&quot;:{&quot;background&quot;:&quot;#2271b1&quot;,&quot;color&quot;:&quot;#fff&quot;,&quot;fontSize&quot;:&quot;16px&quot;,&quot;padding&quot;:{&quot;top&quot;:10,&quot;right&quot;:20,&quot;bottom&quot;:10,&quot;left&quot;:10}},&quot;adobeOptions&quot;:{&quot;showDownloadPDF&quot;:true,&quot;showPrintPDF&quot;:true,&quot;showAnnotationTools&quot;:true,&quot;showFullScreen&quot;:false,&quot;embedMode&quot;:&quot;SIZED_CONTAINER&quot;,&quot;updated&quot;:true},&quot;CSS&quot;:&quot;.pdfpa3e8a28fbtn {background: #2271b1; color: #fff; padding: 10px 20px 10px 10px}&quot;,&quot;align&quot;:&quot;none&quot;,&quot;alignment&quot;:&quot;left&quot;,&quot;title&quot;:&quot;&quot;,&quot;titleFontSize&quot;:&quot;16px&quot;,&quot;height&quot;:{&quot;desktop&quot;:&quot;840px&quot;,&quot;tablet&quot;:&quot;700px&quot;,&quot;mobile&quot;:&quot;400px&quot;},&quot;width&quot;:{&quot;desktop&quot;:&quot;100%&quot;,&quot;tablet&quot;:&quot;100%&quot;,&quot;mobile&quot;:&quot;100%&quot;},&quot;showName&quot;:false,&quot;print&quot;:false,&quot;onlyPDF&quot;:false,&quot;defaultBrowser&quot;:false,&quot;downloadButton&quot;:false,&quot;downloadButtonText&quot;:&quot;Download File&quot;,&quot;fullscreenButton&quot;:true,&quot;fullscreenButtonText&quot;:&quot;View Fullscreen&quot;,&quot;actionsPosition&quot;:&quot;top&quot;,&quot;newWindow&quot;:false,&quot;protect&quot;:false,&quot;thumbMenu&quot;:false,&quot;sidebarOpen&quot;:false,&quot;initialPage&quot;:0,&quot;alert&quot;:false,&quot;lastVersion&quot;:false,&quot;hrScroll&quot;:false,&quot;isHideRightToolbar&quot;:false,&quot;additional&quot;:{&quot;ID&quot;:&quot;&quot;,&quot;Class&quot;:&quot;&quot;,&quot;CSS&quot;:&quot;&quot;},&quot;adobeEmbedder&quot;:false,&quot;popupOptions&quot;:{&quot;enabled&quot;:false,&quot;triggerType&quot;:&quot;button&quot;,&quot;image&quot;:&quot;&quot;,&quot;imagePdfIcon&quot;:true,&quot;imageHeight&quot;:&quot;200px&quot;,&quot;imageWidth&quot;:&quot;300px&quot;,&quot;text&quot;:&quot;Open PDF&quot;,&quot;btnStyle&quot;:{&quot;background&quot;:&quot;#2271b1&quot;,&quot;color&quot;:&quot;#fff&quot;,&quot;fontSize&quot;:&quot;16px&quot;,&quot;padding&quot;:{&quot;top&quot;:10,&quot;right&quot;:20,&quot;bottom&quot;:10,&quot;left&quot;:10}}},&quot;popupBtnStyle&quot;:{&quot;background&quot;:&quot;#2271b1&quot;,&quot;color&quot;:&quot;#fff&quot;,&quot;padding&quot;:{&quot;top&quot;:10,&quot;right&quot;:20,&quot;bottom&quot;:10,&quot;left&quot;:10}},&quot;popupBtnText&quot;:&quot;Open Document&quot;,&quot;socialShare&quot;:{&quot;enabled&quot;:false,&quot;facebook&quot;:true,&quot;twitter&quot;:true,&quot;linkedin&quot;:true,&quot;pinterest&quot;:true,&quot;position&quot;:&quot;top&quot;},&quot;isPremium&quot;:false}\" style=\"text-align: left\">\n    \n        <iframe loading=\"lazy\" title style=\"border:0;\" width=\"100%\" height=\"800px\" class=\"pdfp_unsupported_frame\" src=\"\/\/docs.google.com\/gview?embedded=true&amp;url=http:\/\/www.beaufort-athletisme.fr\/wp-content\/uploads\/2024\/05\/BEAUFORT-ATHLE-2023-2024.pdf\"><\/iframe>\n\n    <\/div>\n\n\n\n<hr class=\"wp-block-separator has-alpha-channel-opacity\">\n\n\n\n<p>La cas\u00adquette :<\/p>\n\n\n<div class=\"wp-block-image\">\n<figure class=\"aligncenter size-large is-resized\"><a href=\"http:\/\/www.beaufort-athletisme.fr\/wp-content\/uploads\/2023\/08\/casquette-usba.jpg\"><img loading=\"lazy\" decoding=\"async\" width=\"768\" height=\"1024\" src=\"http:\/\/www.beaufort-athletisme.fr\/wp-content\/uploads\/2023\/08\/casquette-usba-768x1024.jpg\" alt class=\"wp-image-4472\" style=\"width:410px;height:546px\" srcset=\"http:\/\/www.beaufort-athletisme.fr\/wp-content\/uploads\/2023\/08\/casquette-usba-768x1024.jpg 768w, http:\/\/www.beaufort-athletisme.fr\/wp-content\/uploads\/2023\/08\/casquette-usba-225x300.jpg 225w, http:\/\/www.beaufort-athletisme.fr\/wp-content\/uploads\/2023\/08\/casquette-usba-1152x1536.jpg 1152w, http:\/\/www.beaufort-athletisme.fr\/wp-content\/uploads\/2023\/08\/casquette-usba-900x1200.jpg 900w, http:\/\/www.beaufort-athletisme.fr\/wp-content\/uploads\/2023\/08\/casquette-usba-1280x1707.jpg 1280w, http:\/\/www.beaufort-athletisme.fr\/wp-content\/uploads\/2023\/08\/casquette-usba.jpg 1536w\" sizes=\"auto, (max-width: 768px) 100vw, 768px\"><\/a><\/figure>\n<\/div>\n\n\n<p>Elle est ven\u00addue 15\u20ac.<\/p>\n\n\n\n<hr class=\"wp-block-separator has-alpha-channel-opacity\">\n\n\n\n<p>Nous avons par\u00adfois des licen\u00adci\u00e9s qui souhait\u00adent reven\u00addre des pro\u00adduits sp\u00e9\u00adci\u00adfiques \u00e0 l\u2019ath\u00adl\u00e9tisme (mail\u00adlots, chaus\u00adsures \u00e0 pointes\u2026) :<\/p>\n\n\n\n<p><strong><span style=\"text-decoration: underline;\">Chaus\u00adsures \u00e0 pointes (poin\u00adture : 35)<\/span><\/strong><\/p>\n\n\n\n<figure class=\"wp-block-gallery has-nested-images columns-default is-cropped wp-block-gallery-2 is-layout-flex wp-block-gallery-is-layout-flex\">\n<figure class=\"wp-block-image\"><img loading=\"lazy\" decoding=\"async\" width=\"768\" height=\"1024\" data-id=\"2454\" src=\"https:\/\/www.beaufort-athletisme.fr\/wp-content\/uploads\/2019\/09\/IMG_20190910_191832-768x1024.jpg\" alt class=\"wp-image-2454\" srcset=\"http:\/\/www.beaufort-athletisme.fr\/wp-content\/uploads\/2019\/09\/IMG_20190910_191832.jpg 768w, http:\/\/www.beaufort-athletisme.fr\/wp-content\/uploads\/2019\/09\/IMG_20190910_191832-225x300.jpg 225w\" sizes=\"auto, (max-width: 768px) 100vw, 768px\"><\/figure>\n\n\n\n<figure class=\"wp-block-image\"><img loading=\"lazy\" decoding=\"async\" width=\"768\" height=\"1024\" data-id=\"2456\" src=\"https:\/\/www.beaufort-athletisme.fr\/wp-content\/uploads\/2019\/09\/IMG_20190910_191938-768x1024.jpg\" alt class=\"wp-image-2456\" srcset=\"http:\/\/www.beaufort-athletisme.fr\/wp-content\/uploads\/2019\/09\/IMG_20190910_191938.jpg 768w, http:\/\/www.beaufort-athletisme.fr\/wp-content\/uploads\/2019\/09\/IMG_20190910_191938-225x300.jpg 225w\" sizes=\"auto, (max-width: 768px) 100vw, 768px\"><\/figure>\n\n\n\n<figure class=\"wp-block-image\"><img loading=\"lazy\" decoding=\"async\" width=\"768\" height=\"1024\" data-id=\"2458\" src=\"https:\/\/www.beaufort-athletisme.fr\/wp-content\/uploads\/2019\/09\/IMG_20190910_191903-1-768x1024.jpg\" alt class=\"wp-image-2458\" srcset=\"http:\/\/www.beaufort-athletisme.fr\/wp-content\/uploads\/2019\/09\/IMG_20190910_191903-1.jpg 768w, http:\/\/www.beaufort-athletisme.fr\/wp-content\/uploads\/2019\/09\/IMG_20190910_191903-1-225x300.jpg 225w\" sizes=\"auto, (max-width: 768px) 100vw, 768px\"><\/figure>\n<\/figure>\n\n\n\n<p><strong>Chaus\u00adsures \u00e0 pointes (3 poin\u00adtures du m\u00eame mod\u00ad\u00e8le : 35, 36, 42)<\/strong><\/p>\n\n\n\n<figure class=\"wp-block-gallery has-nested-images columns-4 is-cropped wp-block-gallery-3 is-layout-flex wp-block-gallery-is-layout-flex\">\n<figure class=\"wp-block-image\"><img loading=\"lazy\" decoding=\"async\" width=\"596\" height=\"960\" data-id=\"2463\" src=\"https:\/\/www.beaufort-athletisme.fr\/wp-content\/uploads\/2019\/09\/coco-le-floch.jpg\" alt class=\"wp-image-2463\" srcset=\"http:\/\/www.beaufort-athletisme.fr\/wp-content\/uploads\/2019\/09\/coco-le-floch.jpg 596w, http:\/\/www.beaufort-athletisme.fr\/wp-content\/uploads\/2019\/09\/coco-le-floch-186x300.jpg 186w\" sizes=\"auto, (max-width: 596px) 100vw, 596px\"><\/figure>\n\n\n\n<figure class=\"wp-block-image\"><img loading=\"lazy\" decoding=\"async\" width=\"680\" height=\"960\" data-id=\"2464\" src=\"https:\/\/www.beaufort-athletisme.fr\/wp-content\/uploads\/2019\/09\/coco-le-floch2.jpg\" alt class=\"wp-image-2464\" srcset=\"http:\/\/www.beaufort-athletisme.fr\/wp-content\/uploads\/2019\/09\/coco-le-floch2.jpg 680w, http:\/\/www.beaufort-athletisme.fr\/wp-content\/uploads\/2019\/09\/coco-le-floch2-213x300.jpg 213w\" sizes=\"auto, (max-width: 680px) 100vw, 680px\"><\/figure>\n\n\n\n<figure class=\"wp-block-image\"><img loading=\"lazy\" decoding=\"async\" width=\"564\" height=\"960\" data-id=\"2465\" src=\"https:\/\/www.beaufort-athletisme.fr\/wp-content\/uploads\/2019\/09\/coco-le-floch3.jpg\" alt class=\"wp-image-2465\" srcset=\"http:\/\/www.beaufort-athletisme.fr\/wp-content\/uploads\/2019\/09\/coco-le-floch3.jpg 564w, http:\/\/www.beaufort-athletisme.fr\/wp-content\/uploads\/2019\/09\/coco-le-floch3-176x300.jpg 176w\" sizes=\"auto, (max-width: 564px) 100vw, 564px\"><\/figure>\n\n\n\n<figure class=\"wp-block-image\"><img loading=\"lazy\" decoding=\"async\" width=\"654\" height=\"960\" data-id=\"2466\" src=\"https:\/\/www.beaufort-athletisme.fr\/wp-content\/uploads\/2019\/09\/coco-le-floch4.jpg\" alt class=\"wp-image-2466\" srcset=\"http:\/\/www.beaufort-athletisme.fr\/wp-content\/uploads\/2019\/09\/coco-le-floch4.jpg 654w, http:\/\/www.beaufort-athletisme.fr\/wp-content\/uploads\/2019\/09\/coco-le-floch4-204x300.jpg 204w\" sizes=\"auto, (max-width: 654px) 100vw, 654px\"><\/figure>\n<\/figure>\n\n\n\n<p>Si vous \u00eates int\u00e9ress\u00e9s par l\u2019une des annonces, con\u00adtactez-nous \u00e0<strong> beaufortathletisme@gmail.com<\/strong> et nous vous met\u00adtrons en con\u00adtact avec le vendeur !<\/p>\n","protected":false},"excerpt":{"rendered":"<p>Le surv\u00eate\u00adment : La cas\u00adquette : Elle est ven\u00addue 15\u20ac. Nous avons par\u00adfois des licen\u00adci\u00e9s qui souhait\u00adent reven\u00addre des pro\u00adduits sp\u00e9\u00adci\u00adfiques \u00e0 l\u2019ath\u00adl\u00e9tisme (mail\u00adlots, chaus\u00adsures \u00e0 pointes\u2026) : Chaus\u00adsures \u00e0 pointes (poin\u00adture : 35) Chaus\u00adsures \u00e0 pointes (3 poin\u00adtures du m\u00eame mod\u00ad\u00e8le : 35, 36, 42) Si vous \u00eates int\u00e9ress\u00e9s par l\u2019une des annonces, con\u00ad\u00adtactez-nous [\u2026]<\/p>\n","protected":false},"author":1,"featured_media":0,"parent":0,"menu_order":0,"comment_status":"closed","ping_status":"closed","template":"","meta":{"wp_typography_post_enhancements_disabled":false,"footnotes":""},"class_list":["post-2453","page","type-page","status-publish","hentry"],"featured_image_src":null,"_links":{"self":[{"href":"http:\/\/www.beaufort-athletisme.fr\/index.php?rest_route=\/wp\/v2\/pages\/2453","targetHints":{"allow":["GET"]}}],"collection":[{"href":"http:\/\/www.beaufort-athletisme.fr\/index.php?rest_route=\/wp\/v2\/pages"}],"about":[{"href":"http:\/\/www.beaufort-athletisme.fr\/index.php?rest_route=\/wp\/v2\/types\/page"}],"author":[{"embeddable":true,"href":"http:\/\/www.beaufort-athletisme.fr\/index.php?rest_route=\/wp\/v2\/users\/1"}],"replies":[{"embeddable":true,"href":"http:\/\/www.beaufort-athletisme.fr\/index.php?rest_route=%2Fwp%2Fv2%2Fcomments&post=2453"}],"version-history":[{"count":17,"href":"http:\/\/www.beaufort-athletisme.fr\/index.php?rest_route=\/wp\/v2\/pages\/2453\/revisions"}],"predecessor-version":[{"id":6293,"href":"http:\/\/www.beaufort-athletisme.fr\/index.php?rest_route=\/wp\/v2\/pages\/2453\/revisions\/6293"}],"wp:attachment":[{"href":"http:\/\/www.beaufort-athletisme.fr\/index.php?rest_route=%2Fwp%2Fv2%2Fmedia&parent=2453"}],"curies":[{"name":"wp","href":"https:\/\/api.w.org\/{rel}","templated":true}]}}