{"id":1189,"date":"2018-02-28T17:01:29","date_gmt":"2018-02-28T16:01:29","guid":{"rendered":"http:\/\/www.beaufort-athletisme.fr\/?page_id=1189"},"modified":"2023-05-30T11:38:25","modified_gmt":"2023-05-30T10:38:25","slug":"contact","status":"publish","type":"page","link":"https:\/\/www.beaufort-athletisme.fr\/?page_id=1189","title":{"rendered":"Contact"},"content":{"rendered":"\n<p><span style=\"font-family: 'Century Gothic';\"><b><span style=\"color: #660066; font-size: large;\">Union Sportive Beau\u00adfort Ath\u00adl\u00e9tisme<\/span><\/b><\/span><\/p>\n\n\n\n<p><span style=\"font-family: 'Century Gothic';\"><u>Si\u00e8ge social :<\/u><br>H\u00f4tel de Ville, 49 250, BEAUFORT-EN-VALLEE, BEAUFORT-EN-ANJOU<\/span><\/p>\n\n\n\n<p><span style=\"font-family: 'Century Gothic';\"><u>Adresse pour cor\u00adre\u00adspon\u00addance :<\/u><br>3 rue du stade, 49 250, BRION<\/span><\/p>\n\n\n\n<hr class=\"wp-block-separator has-alpha-channel-opacity\">\n\n\n\n<p><span style=\"font-family: 'Century Gothic'; font-size: large;\"><b>07.60.55.06.12<\/b><br>cour\u00adriel :&nbsp;<b><a href=\"mailto:beaufortathletisme@gmail.com\">beaufortathletisme@gmail.com<\/a><\/b><\/span><\/p>\n","protected":false},"excerpt":{"rendered":"<p>Union Sportive Beau\u00adfort Ath\u00adl\u00e9tisme Si\u00e8ge social :H\u00f4tel de Ville, 49 250, BEAUFORT-EN-VALLEE, BEAUFORT-EN-ANJOU Adresse pour cor\u00adre\u00adspon\u00addance :3 rue du stade, 49 250, BRION 07.60.55.06.12cour\u00adriel :&nbsp;beaufortathletisme@gmail.com<\/p>\n","protected":false},"author":1,"featured_media":0,"parent":0,"menu_order":0,"comment_status":"closed","ping_status":"closed","template":"","meta":{"wp_typography_post_enhancements_disabled":false,"footnotes":""},"class_list":["post-1189","page","type-page","status-publish","hentry"],"featured_image_src":null,"_links":{"self":[{"href":"https:\/\/www.beaufort-athletisme.fr\/index.php?rest_route=\/wp\/v2\/pages\/1189","targetHints":{"allow":["GET"]}}],"collection":[{"href":"https:\/\/www.beaufort-athletisme.fr\/index.php?rest_route=\/wp\/v2\/pages"}],"about":[{"href":"https:\/\/www.beaufort-athletisme.fr\/index.php?rest_route=\/wp\/v2\/types\/page"}],"author":[{"embeddable":true,"href":"https:\/\/www.beaufort-athletisme.fr\/index.php?rest_route=\/wp\/v2\/users\/1"}],"replies":[{"embeddable":true,"href":"https:\/\/www.beaufort-athletisme.fr\/index.php?rest_route=%2Fwp%2Fv2%2Fcomments&post=1189"}],"version-history":[{"count":6,"href":"https:\/\/www.beaufort-athletisme.fr\/index.php?rest_route=\/wp\/v2\/pages\/1189\/revisions"}],"predecessor-version":[{"id":4297,"href":"https:\/\/www.beaufort-athletisme.fr\/index.php?rest_route=\/wp\/v2\/pages\/1189\/revisions\/4297"}],"wp:attachment":[{"href":"https:\/\/www.beaufort-athletisme.fr\/index.php?rest_route=%2Fwp%2Fv2%2Fmedia&parent=1189"}],"curies":[{"name":"wp","href":"https:\/\/api.w.org\/{rel}","templated":true}]}}